{"id":22,"date":"2020-08-20T19:52:46","date_gmt":"2020-08-20T19:52:46","guid":{"rendered":"https:\/\/departamentomatematica.fi.unsj.edu.ar\/?page_id=22"},"modified":"2025-03-06T20:00:29","modified_gmt":"2025-03-06T23:00:29","slug":"catedras","status":"publish","type":"page","link":"https:\/\/departamentomatematica.fi.unsj.edu.ar\/?page_id=22","title":{"rendered":"Asignaturas"},"content":{"rendered":"<h4><strong>Informaci\u00f3n de contacto de las asignaturas\u00a0del Departamento de Matem\u00e1tica<\/strong><\/h4>\n<table style=\"height: 2316px;\" border=\"1\" width=\"895\">\n<thead>\n<tr bgcolor=\"#8ddbf1\">\n<td scope=\"row\"><strong>Asignatura<\/strong><\/td>\n<td><strong>Especialidad<\/strong><\/td>\n<td><strong>Profesor\u00a0 Responsable\u00a0\u00a0<\/strong><\/td>\n<td><strong>Correo Electr\u00f3nico<\/strong><\/td>\n<\/tr>\n<\/thead>\n<tbody>\n<tr>\n<td><strong>\u00c1lgebra Lineal<\/strong><\/td>\n<td>Electr\u00f3nica &#8211; Mec\u00e1nica &#8211; Minas<\/td>\n<td><em>MSc. Lic. Ester DE LA TORRE<\/em><\/td>\n<td>esterdelat@gmail.com<\/td>\n<\/tr>\n<tr>\n<td><strong>\u00c1lgebra y Geometr\u00eda Anal\u00edtica<\/strong><\/td>\n<td>Electr\u00f3nica<\/td>\n<td><em>MSc. Lic. Claudia FERNANDEZ<\/em><\/td>\n<td>crofernandez@gmail.com<\/td>\n<\/tr>\n<tr>\n<td><strong>\u00c1lgebra y Geometr\u00eda Anal\u00edtica<\/strong><\/td>\n<td>Qu\u00edmica\u00a0-Alimentos &#8211; El\u00e9ctrica &#8211;<br \/>\nElectromec\u00e1nica &#8211; Industrial<\/td>\n<td><em>Mg. Ing. Mar\u00eda Rosa CASTRO<\/em><\/td>\n<td>mrcastro@unsj.edu.ar<\/td>\n<\/tr>\n<tr>\n<td><strong>\u00c1lgebra y Geometr\u00eda Anal\u00edtica<\/strong><\/td>\n<td>Civil &#8211; Bioingenier\u00eda &#8211;<br \/>\nMet. Extractiva<\/td>\n<td><em>Esp. Bioing. Anal\u00eda MOYANO<\/em><\/td>\n<td>aygabiocivil@gmail.com<\/td>\n<\/tr>\n<tr>\n<td><strong>An\u00e1lisis Matem\u00e1tico II<\/strong><\/td>\n<td>Agrimensura<br \/>\nBlog: <a style=\"color: #1155cc; font-family: Arial, Helvetica, sans-serif; font-size: small; background-color: #ffffff;\" href=\"http:\/\/www.unsj.edu.ar\/unsjVirtual\/calculo2analisis2\" target=\"_blank\" rel=\"noopener\" data-saferedirecturl=\"https:\/\/www.google.com\/url?q=http:\/\/www.unsj.edu.ar\/unsjVirtual\/calculo2analisis2&amp;source=gmail&amp;ust=1598182561893000&amp;usg=AFQjCNEmMS25jz4KrhLXgPUOP4pEm9fw4Q\">www.unsj.edu.ar\/unsjVirtual\/calculo2analisis2<\/a><\/td>\n<td><em>Mg. Ing. Pablo MARCUZZI<\/em><\/td>\n<td>consultas.calculo2.mac@gmail.com<\/td>\n<\/tr>\n<tr>\n<td><strong>C\u00e1lculo I -An\u00e1lisis Matem\u00e1tico I\u00a0<\/strong><\/td>\n<td>Todas las EspecialidadesBlog: <a style=\"color: #1155cc; font-family: Arial, Helvetica, sans-serif; font-size: small; background-color: #ffffff;\" href=\"https:\/\/calculo1.fi.unsj.edu.ar\/\">calculo1.fi.unsj.edu.ar<\/a><\/td>\n<td><em>Ing. Andriana JOFR\u00c9<\/em><\/td>\n<td>calculo1.fi.unsj@gmail.com<\/td>\n<\/tr>\n<tr>\n<td><strong>C\u00e1lculo II<\/strong><\/td>\n<td>Civil &#8211; Minas &#8211; Met. Extractiva<br \/>\nBlog: <a style=\"color: #1155cc; font-family: Arial, Helvetica, sans-serif; font-size: small; background-color: #ffffff;\" href=\"http:\/\/www.unsj.edu.ar\/unsjVirtual\/calculo2analisis2\" target=\"_blank\" rel=\"noopener\" data-saferedirecturl=\"https:\/\/www.google.com\/url?q=http:\/\/www.unsj.edu.ar\/unsjVirtual\/calculo2analisis2&amp;source=gmail&amp;ust=1598182561893000&amp;usg=AFQjCNEmMS25jz4KrhLXgPUOP4pEm9fw4Q\">www.unsj.edu.ar\/unsjVirtual\/calculo2analisis2<\/a><\/td>\n<td><em>Mg. Ing. Pablo MARCUZZI<\/em><\/td>\n<td>consultas.calculo2.mac@gmail.com<\/td>\n<\/tr>\n<tr>\n<td><strong>C\u00e1lculo II<\/strong><\/td>\n<td>El\u00e9ctrica &#8211; Electr\u00f3nica &#8211; Bio-2014<\/td>\n<td><em>MSc. Prof. Laura OLIVA<\/em><\/td>\n<td>consultascalculo2020@gmail.com<\/td>\n<\/tr>\n<tr>\n<td><strong>C\u00e1lculo II<\/strong><\/td>\n<td>Industrial- Qu\u00edmica &#8211; Alimentos<br \/>\nBlog: <a href=\"https:\/\/calculo2.fi.unsj.edu.ar\/\">calculo2.fi.unsj.edu.ar<\/a><\/td>\n<td><em>Bioing. Lorena OROZCO<\/em><\/td>\n<td>calculo2.fi.unsj@gmail.com<\/td>\n<\/tr>\n<tr>\n<td><strong>C\u00e1lculo II<\/strong><\/td>\n<td>Mec\u00e1nica &#8211; Electromec\u00e1nica<br \/>\nBlog: <a style=\"color: #1155cc; font-family: Arial, Helvetica, sans-serif; font-size: small; background-color: #ffffff;\" href=\"https:\/\/calculo2b.fi.unsj.edu.ar\/\">calculo2b.fi.unsj.edu.ar\/<\/a><br \/>\nOficina Docentes: Aula 16 Pabell\u00f3n Central<\/td>\n<td><em>Dr. Lic. Javier GIMENEZ<\/em><\/td>\n<td>calculo2.ipemec.unsj@gmail.com<\/td>\n<\/tr>\n<tr>\n<td><strong>C\u00e1lculo Num\u00e9rico<\/strong><\/td>\n<td>Agrimensura<\/td>\n<td><em>Dr. Ing. Sebasti\u00e1n Alejandro Godoy Bordes<\/em><\/td>\n<td><\/td>\n<\/tr>\n<tr>\n<td><strong>Computaci\u00f3n<\/strong><\/td>\n<td>Civil &#8211; Minas &#8211; Met. Extractiva &#8211;<br \/>\nAgrimensuraBlog: <a style=\"color: #0000ff;\" href=\"http:\/\/www.unsj.edu.ar\/unsjVirtual\/computacion\">www.unsj.edu.ar\/unsjVirtual\/computacion<\/a><\/td>\n<td><em>Mg. Ing. Jos\u00e9 BUSTOS<\/em><\/td>\n<td>computacion.fi.unsj@gmail.com<\/td>\n<\/tr>\n<tr>\n<td><strong>Computaci\u00f3n<\/strong><\/td>\n<td>Qu\u00edmica &#8211; Alimentos &#8211; Industrial<\/td>\n<td><em>Esp. Ing. Hugo A. MERCADO<\/em><\/td>\n<td>ingmercadohugo@gmail.com<\/td>\n<\/tr>\n<tr>\n<td><strong>Dibujo y Dise\u00f1o Asistido por Computadora<\/strong><\/td>\n<td>El\u00e9ctrica\u00a0 &#8211; Electromec\u00e1nicaBlog: <a href=\"https:\/\/sistemasycad.fi.unsj.edu.ar\/\" target=\"_blank\" rel=\"noopener\">sistemasycad.fi.unsj.edu.ar<br \/>\n<\/a><\/td>\n<td><em>Ing. Jorge N. MERCADO<\/em><\/td>\n<td>dibujo.dsr.dac@gmail.com<\/td>\n<\/tr>\n<tr>\n<td><strong>Dibujo y\u00a0Sistemas de Representaci\u00f3n<\/strong><\/td>\n<td>Agrimensura &#8211; Bioingenier\u00eda &#8211; Civil &#8211;<br \/>\nMec\u00e1nica &#8211; Met. Extrativa\u00a0&#8211; MinasBlog: <a href=\"https:\/\/dibujoysistemas.fi.unsj.edu.ar\/\">dibujoysistemas.fi.unsj.edu.ar<\/a><\/td>\n<td><em>Esp. Ing. Jorge O. AGUIRRE<\/em><\/td>\n<td>dibujo.dsr.dac@gmail.com<\/td>\n<\/tr>\n<tr>\n<td><strong>Estad\u00edstica<\/strong><\/td>\n<td>Qu\u00edmica &#8211; Alimentos<\/td>\n<td><em>Esp. Bioing. Anal\u00eda MOYANO<\/em><\/td>\n<td>estadisticaunsj@gmail.com<\/td>\n<\/tr>\n<tr>\n<td><strong>Estad\u00edstica<\/strong><\/td>\n<td>Civil &#8211; Industrial &#8211; Mec\u00e1nica &#8211;<br \/>\nElectromec\u00e1nica &#8211; Electr\u00f3nicaBlog: <a style=\"color: #1155cc; font-family: Arial, Helvetica, sans-serif; font-size: small; background-color: #ffffff;\" href=\"http:\/\/estadisticafiunsj.blogspot.com\" target=\"_blank\" rel=\"noopener\" data-saferedirecturl=\"https:\/\/www.google.com\/url?q=http:\/\/estadisticafiunsj.blogspot.com&amp;source=gmail&amp;ust=1598182561893000&amp;usg=AFQjCNEmMS25jz4KrhLXgPUOP4pEm9fw4Q\">estadisticafiunsj.blogspot.com<\/a><\/td>\n<td><em>Dr.Prof. Susana OZ\u00c1N<\/em><\/td>\n<td>estadistica.fiunsj.consultas@gmail.com<\/td>\n<\/tr>\n<tr>\n<td><strong>Estad\u00edstica y Dise\u00f1o Experimental<\/strong><\/td>\n<td>Agronom\u00eda<\/td>\n<td><em>Dr.Prof. Susana OZ\u00c1N<\/em><\/td>\n<td>estadistica.fiunsj.consultas@gmail.com<\/td>\n<\/tr>\n<tr>\n<td><strong>Geometr\u00eda Anal\u00edtica<\/strong><\/td>\n<td>Mec\u00e1nica &#8211; Electr\u00f3nica &#8211;\u00a0 Minas<\/td>\n<td><em>Dr. Ing. Sebasti\u00e1n Alejandro Godoy Bordes<\/em><\/td>\n<td>estadistica.fiunsj.consultas@gmail.com<\/td>\n<\/tr>\n<tr>\n<td><strong>Matem\u00e1tica<\/strong><\/td>\n<td>Agronom\u00eda<\/td>\n<td><em>Ing. Adriana JOFR\u00c9<\/em><\/td>\n<td>adrianajofrevera@gmail.com<\/td>\n<\/tr>\n<tr>\n<td><strong>Matem\u00e1tica I<\/strong><\/td>\n<td>Bioingenier\u00eda-Plan 2005<\/td>\n<td><em>Esp. Bioing. Anal\u00eda MOYANO<\/em><\/td>\n<td>aygabiocivil@gmail.com<\/td>\n<\/tr>\n<tr>\n<td><strong>Matem\u00e1tica III<\/strong><\/td>\n<td>Bioingenier\u00eda-Plan 2005<\/td>\n<td><em>MSc. Prof. Laura OLIVA<\/em><\/td>\n<td>consultasaplicada2020@gmail.com<\/td>\n<\/tr>\n<tr>\n<td><strong>Matem\u00e1tica IV<\/strong><\/td>\n<td>Bioingenier\u00eda-Plan 2005<\/td>\n<td><em>MSc. Prof. Laura OLIVA<\/em><\/td>\n<td>consultasaplicada2020@gmail.com<\/td>\n<\/tr>\n<tr>\n<td><strong>Matem\u00e1tica Aplicada<\/strong><\/td>\n<td>Agrimensura<\/td>\n<td><em>Dra. Prof. Susana OZAN<\/em><\/td>\n<td>suozan2018@gmail.com<\/td>\n<\/tr>\n<tr>\n<td><strong>Matem\u00e1tica Aplicada<\/strong><\/td>\n<td>Electr\u00f3nica &#8211; Bio-2014<\/td>\n<td><em>MSc. Prof. Laura OLIVA<\/em><\/td>\n<td>consultasaplicada2020@gmail.com<\/td>\n<\/tr>\n<tr>\n<td><strong>Matem\u00e1tica Aplicada<\/strong><\/td>\n<td>Mec\u00e1nica &#8211; Electromec\u00e1nicaBlog:<a style=\"color: #1155cc; font-family: Arial, Helvetica, sans-serif; font-size: small; background-color: #ffffff;\" href=\"https:\/\/mateaplicada.fi.unsj.edu.ar\/\"> mateaplicada.fi.unsj.edu.ar<\/a><br \/>\nOficina Docentes: Aula 16 Pabell\u00f3n Central<\/td>\n<td><em>Dr. Lic. Javier GIMENEZ<\/em><\/td>\n<td>mateaplicada.ipemec.unsj@gmail.com<\/td>\n<\/tr>\n<tr>\n<td><strong>Matem\u00e1tica Estad\u00edstica<\/strong><\/td>\n<td>Bioingenier\u00eda<\/td>\n<td><em>Dra. Prof. Susana OZAN<\/em><\/td>\n<td>suozan2018@gmail.com<\/td>\n<\/tr>\n<tr>\n<td><strong>M\u00e9todos Num\u00e9ricos<\/strong><\/td>\n<td>Qu\u00edmica &#8211; Alimentos &#8211; Minas &#8211;<br \/>\nMet. Extractiva &#8211; Industrial<\/td>\n<td><em>Mg. Ing. Mar\u00eda Rosa CASTRO<\/em><\/td>\n<td>mrcastro@unsj.edu.ar<\/td>\n<\/tr>\n<tr>\n<td><strong>M\u00e9todos Num\u00e9ricos<\/strong><\/td>\n<td>CivilBlog: <a style=\"color: #1155cc; font-family: Arial, Helvetica, sans-serif; font-size: small; background-color: #ffffff;\" href=\"https:\/\/metodosnumericosb.fi.unsj.edu.ar\" target=\"_blank\" rel=\"noopener\" data-saferedirecturl=\"https:\/\/www.google.com\/url?q=https:\/\/metodosnumericosb.fi.unsj.edu.ar&amp;source=gmail&amp;ust=1598182561893000&amp;usg=AFQjCNEmMS25jz4KrhLXgPUOP4pEm9fw4Q\">metodosnumericosb.fi.unsj.edu.ar<\/a><\/td>\n<td><em>Ing. Mari\u00f3n CASTRO<\/em><\/td>\n<td>metodosnumericos.elo.unsj@gmail.com<br \/>\nmetodosnumericos.civil.unsj@gmail.com<\/td>\n<\/tr>\n<tr>\n<td><strong>Sistemas de Representaci\u00f3n<\/strong><\/td>\n<td>Electr\u00f3nicaBlog: <a href=\"https:\/\/sistemasycad.fi.unsj.edu.ar\/\" target=\"_blank\" rel=\"noopener\">sistemasycad.fi.unsj.edu.ar<\/a><\/td>\n<td><em>Ing. Jorge N. MERCADO<\/em><\/td>\n<td>dibujo.dsr.dac@gmail.com<\/td>\n<\/tr>\n<tr>\n<td><strong>Variable Compleja y Teor\u00eda de Probabilidades<\/strong><\/td>\n<td>El\u00e9ctrica<\/td>\n<td><em>MSc. Prof. Laura OLIVA<\/em><\/td>\n<td>consultasaplicada2020@gmail.com<\/td>\n<\/tr>\n<\/tbody>\n<\/table>\n<p>&nbsp;<\/p>\n","protected":false},"excerpt":{"rendered":"<p>Informaci\u00f3n de contacto de las asignaturas\u00a0del Departamento de Matem\u00e1tica Asignatura Especialidad Profesor\u00a0 Responsable\u00a0\u00a0 Correo Electr\u00f3nico \u00c1lgebra Lineal Electr\u00f3nica &#8211; Mec\u00e1nica &#8211; Minas MSc. Lic. Ester DE LA TORRE esterdelat@gmail.com \u00c1lgebra y Geometr\u00eda Anal\u00edtica Electr\u00f3nica MSc. Lic. Claudia FERNANDEZ crofernandez@gmail.com \u00c1lgebra y Geometr\u00eda Anal\u00edtica Qu\u00edmica\u00a0-Alimentos &#8211; El\u00e9ctrica &#8211; Electromec\u00e1nica &#8211; Industrial Mg. Ing. Mar\u00eda Rosa CASTRO &hellip; <a href=\"https:\/\/departamentomatematica.fi.unsj.edu.ar\/?page_id=22\" class=\"more-link\">Seguir leyendo <span class=\"screen-reader-text\">Asignaturas<\/span> <span class=\"meta-nav\">&rarr;<\/span><\/a><\/p>\n","protected":false},"author":3,"featured_media":0,"parent":0,"menu_order":0,"comment_status":"closed","ping_status":"closed","template":"","meta":{"footnotes":""},"class_list":["post-22","page","type-page","status-publish","hentry"],"_links":{"self":[{"href":"https:\/\/departamentomatematica.fi.unsj.edu.ar\/index.php?rest_route=\/wp\/v2\/pages\/22","targetHints":{"allow":["GET"]}}],"collection":[{"href":"https:\/\/departamentomatematica.fi.unsj.edu.ar\/index.php?rest_route=\/wp\/v2\/pages"}],"about":[{"href":"https:\/\/departamentomatematica.fi.unsj.edu.ar\/index.php?rest_route=\/wp\/v2\/types\/page"}],"author":[{"embeddable":true,"href":"https:\/\/departamentomatematica.fi.unsj.edu.ar\/index.php?rest_route=\/wp\/v2\/users\/3"}],"replies":[{"embeddable":true,"href":"https:\/\/departamentomatematica.fi.unsj.edu.ar\/index.php?rest_route=%2Fwp%2Fv2%2Fcomments&post=22"}],"version-history":[{"count":168,"href":"https:\/\/departamentomatematica.fi.unsj.edu.ar\/index.php?rest_route=\/wp\/v2\/pages\/22\/revisions"}],"predecessor-version":[{"id":934,"href":"https:\/\/departamentomatematica.fi.unsj.edu.ar\/index.php?rest_route=\/wp\/v2\/pages\/22\/revisions\/934"}],"wp:attachment":[{"href":"https:\/\/departamentomatematica.fi.unsj.edu.ar\/index.php?rest_route=%2Fwp%2Fv2%2Fmedia&parent=22"}],"curies":[{"name":"wp","href":"https:\/\/api.w.org\/{rel}","templated":true}]}}