{"id":38,"date":"2020-08-21T11:03:21","date_gmt":"2020-08-21T14:03:21","guid":{"rendered":"https:\/\/departamentomatematica.fi.unsj.edu.ar\/?page_id=38"},"modified":"2025-08-06T10:31:40","modified_gmt":"2025-08-06T13:31:40","slug":"inscripciones","status":"publish","type":"page","link":"https:\/\/departamentomatematica.fi.unsj.edu.ar\/?page_id=38","title":{"rendered":"Inscripciones a asignatura"},"content":{"rendered":"\t\t<div data-elementor-type=\"wp-page\" data-elementor-id=\"38\" class=\"elementor elementor-38\">\n\t\t\t\t\t\t<section class=\"elementor-section elementor-top-section elementor-element elementor-element-7d5de5e6 elementor-section-boxed elementor-section-height-default elementor-section-height-default\" data-id=\"7d5de5e6\" data-element_type=\"section\" data-e-type=\"section\">\n\t\t\t\t\t\t<div class=\"elementor-container elementor-column-gap-default\">\n\t\t\t\t\t<div class=\"elementor-column elementor-col-100 elementor-top-column elementor-element elementor-element-12ed6949\" data-id=\"12ed6949\" data-element_type=\"column\" data-e-type=\"column\">\n\t\t\t<div class=\"elementor-widget-wrap elementor-element-populated\">\n\t\t\t\t\t\t<div class=\"elementor-element elementor-element-752f210e elementor-widget elementor-widget-text-editor\" data-id=\"752f210e\" data-element_type=\"widget\" data-e-type=\"widget\" data-widget_type=\"text-editor.default\">\n\t\t\t\t<div class=\"elementor-widget-container\">\n\t\t\t\t\t\t\t\t\tEn este espacio est\u00e1n los medios de inscripci\u00f3n para cada asignatura o el acceso al blog.\n\n<span style=\"color: #ff0000;\"><strong>Tener en cuenta que NO ES la inscripci\u00f3n al SIU<\/strong><\/span> , es solo la inscripci\u00f3n para acceder a las aulas virtuales\t\t\t\t\t\t\t\t<\/div>\n\t\t\t\t<\/div>\n\t\t\t\t\t<\/div>\n\t\t<\/div>\n\t\t\t\t\t<\/div>\n\t\t<\/section>\n\t\t\t\t<section class=\"elementor-section elementor-top-section elementor-element elementor-element-f780dc5 elementor-section-boxed elementor-section-height-default elementor-section-height-default\" data-id=\"f780dc5\" data-element_type=\"section\" data-e-type=\"section\">\n\t\t\t\t\t\t<div class=\"elementor-container elementor-column-gap-default\">\n\t\t\t\t\t<div class=\"elementor-column elementor-col-100 elementor-top-column elementor-element elementor-element-60bf055\" data-id=\"60bf055\" data-element_type=\"column\" data-e-type=\"column\">\n\t\t\t<div class=\"elementor-widget-wrap elementor-element-populated\">\n\t\t\t\t\t\t<div class=\"elementor-element elementor-element-a665d25 elementor-widget elementor-widget-image\" data-id=\"a665d25\" data-element_type=\"widget\" data-e-type=\"widget\" data-widget_type=\"image.default\">\n\t\t\t\t<div class=\"elementor-widget-container\">\n\t\t\t\t\t\t\t\t\t\t\t\t\t\t\t<img fetchpriority=\"high\" decoding=\"async\" width=\"357\" height=\"580\" src=\"https:\/\/departamentomatematica.fi.unsj.edu.ar\/wp-content\/uploads\/2025\/08\/Metodos-numericos-inscripcion-2025.png\" class=\"attachment-full size-full wp-image-997\" alt=\"\" srcset=\"https:\/\/departamentomatematica.fi.unsj.edu.ar\/wp-content\/uploads\/2025\/08\/Metodos-numericos-inscripcion-2025.png 357w, https:\/\/departamentomatematica.fi.unsj.edu.ar\/wp-content\/uploads\/2025\/08\/Metodos-numericos-inscripcion-2025-185x300.png 185w\" sizes=\"(max-width: 357px) 100vw, 357px\" \/>\t\t\t\t\t\t\t\t\t\t\t\t\t\t\t<\/div>\n\t\t\t\t<\/div>\n\t\t\t\t\t<\/div>\n\t\t<\/div>\n\t\t\t\t\t<\/div>\n\t\t<\/section>\n\t\t\t\t<\/div>\n\t\t","protected":false},"excerpt":{"rendered":"<p>En este espacio est\u00e1n los medios de inscripci\u00f3n para cada asignatura o el acceso al blog. Tener en cuenta que NO ES la inscripci\u00f3n al SIU , es solo la inscripci\u00f3n para acceder a las aulas virtuales<\/p>\n","protected":false},"author":2,"featured_media":0,"parent":0,"menu_order":0,"comment_status":"closed","ping_status":"closed","template":"","meta":{"footnotes":""},"class_list":["post-38","page","type-page","status-publish","hentry"],"_links":{"self":[{"href":"https:\/\/departamentomatematica.fi.unsj.edu.ar\/index.php?rest_route=\/wp\/v2\/pages\/38","targetHints":{"allow":["GET"]}}],"collection":[{"href":"https:\/\/departamentomatematica.fi.unsj.edu.ar\/index.php?rest_route=\/wp\/v2\/pages"}],"about":[{"href":"https:\/\/departamentomatematica.fi.unsj.edu.ar\/index.php?rest_route=\/wp\/v2\/types\/page"}],"author":[{"embeddable":true,"href":"https:\/\/departamentomatematica.fi.unsj.edu.ar\/index.php?rest_route=\/wp\/v2\/users\/2"}],"replies":[{"embeddable":true,"href":"https:\/\/departamentomatematica.fi.unsj.edu.ar\/index.php?rest_route=%2Fwp%2Fv2%2Fcomments&post=38"}],"version-history":[{"count":12,"href":"https:\/\/departamentomatematica.fi.unsj.edu.ar\/index.php?rest_route=\/wp\/v2\/pages\/38\/revisions"}],"predecessor-version":[{"id":1007,"href":"https:\/\/departamentomatematica.fi.unsj.edu.ar\/index.php?rest_route=\/wp\/v2\/pages\/38\/revisions\/1007"}],"wp:attachment":[{"href":"https:\/\/departamentomatematica.fi.unsj.edu.ar\/index.php?rest_route=%2Fwp%2Fv2%2Fmedia&parent=38"}],"curies":[{"name":"wp","href":"https:\/\/api.w.org\/{rel}","templated":true}]}}