{"id":40,"date":"2020-08-21T11:01:51","date_gmt":"2020-08-21T14:01:51","guid":{"rendered":"https:\/\/departamentomatematica.fi.unsj.edu.ar\/?page_id=40"},"modified":"2025-03-10T19:52:30","modified_gmt":"2025-03-10T22:52:30","slug":"primer-semestre","status":"publish","type":"page","link":"https:\/\/departamentomatematica.fi.unsj.edu.ar\/?page_id=40","title":{"rendered":"Primer Semestre"},"content":{"rendered":"<h6>Para las asignaturas que no posean link a formularios de inscripci\u00f3n,<strong> los estudiantes<\/strong> tienen que seguir los pasos indicados en &#8212;- &gt; <a href=\"http:\/\/www.unsj.edu.ar\/unsjVirtual\/departamentoMatematica\/wp-content\/uploads\/2020\/08\/Automatriculaci\u00f3n.pdf\" target=\"_blank\" rel=\"noopener noreferrer\">el Instructivo de Automatriculaci\u00f3n<\/a><\/h6>\n<h6><strong>Tener en cuenta que NO ES la inscripci\u00f3n al SIU<\/strong> , es solo la inscripci\u00f3n para acceder a las aulas virtuales<\/h6>\n<table style=\"height: 599px;\" width=\"770\">\n<thead>\n<tr bgcolor=\"#8ddbf1\">\n<td scope=\"row\"><strong>Asignatura<\/strong><\/td>\n<td><strong>Especialidad<\/strong><\/td>\n<td><strong>Tipo de Matriculaci\u00f3n<\/strong><\/td>\n<td><strong>Link a formulario<\/strong><\/td>\n<\/tr>\n<\/thead>\n<tbody>\n<tr>\n<td style=\"text-align: left;\">\u00c1lgebra<br \/>\u00c1lgebra Lineal<\/td>\n<td style=\"text-align: left;\">\n<p>Electr\u00f3nica (Plan 2005)<\/p>\n<p>Mec\u00e1nica<\/p>\n<p>Minas<\/p>\n<\/td>\n<td style=\"text-align: left;\">Automatriculaci\u00f3n<\/td>\n<td style=\"text-align: left;\"><a href=\"http:\/\/www.unsj.edu.ar\/unsjVirtual\/departamentoMatematica\/wp-content\/uploads\/2024\/03\/Automatriculaci\u00f3n_2024-Algebra-Lineal-IDM-MEC-Algebra-IDM-MEC-ELO.pdf\" target=\"_blank\" rel=\"noopener\">Cod automatriculaci\u00f3n \u00c1LGEBRA ELO-MEC-IDM<\/a><\/td>\n<\/tr>\n<tr>\n<td>\u00c1lgebra y Geometr\u00eda Anal\u00edtica<\/td>\n<td>Qu\u00edmica &#8211; Alimentos &#8211; El\u00e9ctrica- Electromec\u00e1nica -Industrial<\/td>\n<td>Por formulario<\/td>\n<td><a href=\"https:\/\/forms.gle\/K4dbaHvfUwU81eFn9\" target=\"_blank\" rel=\"noopener\">https:\/\/forms.gle\/K4dbaHvfUwU81eFn9<\/a><\/td>\n<\/tr>\n<tr>\n<td style=\"text-align: left;\">\u00c1lgebra y Geometr\u00eda Anal\u00edtica<\/td>\n<td style=\"text-align: left;\">Civil &#8211; Bioingenier\u00eda -Met. Extractiva<\/td>\n<td style=\"text-align: left;\">Por formulario<\/td>\n<td style=\"text-align: left;\"><a href=\"https:\/\/docs.google.com\/forms\/d\/e\/1FAIpQLSftRttzeuWfDroEXu3-Z8UsNzgsyJfQP2nQig4ukQAii3qOXw\/viewform\" target=\"_blank\" rel=\"noopener\">Inscripci\u00f3n 2025<\/a><\/td>\n<\/tr>\n<tr>\n<td style=\"text-align: left;\">\u00c1lgebra y Geometr\u00eda Anal\u00edtica<\/td>\n<td style=\"text-align: left;\">Electr\u00f3nica- ELO<\/td>\n<td style=\"text-align: left;\">Automatriculaci\u00f3n<\/td>\n<td style=\"text-align: left;\">Aula N\u00b0 2684<\/td>\n<\/tr>\n<tr>\n<td>Calculo I-An\u00e1lisis Matem\u00e1tico I<\/td>\n<td>Todas las especialidades<\/td>\n<td>Automatriculaci\u00f3n<\/td>\n<td>\n<p><a href=\"https:\/\/departamentomatematica.fi.unsj.edu.ar\/wp-content\/uploads\/2025\/03\/Cod-automatriculacion-C1-AM1.pdf\" target=\"_blank\" rel=\"noopener\">Automatriculaci\u00f3n \u00a0\u00a0 C\u00c1LCULO I<\/a><\/p>\n<\/td>\n<\/tr>\n<tr>\n<td>C\u00e1lculo II-An\u00e1lisis<br \/>Matem\u00e1tico II<\/td>\n<td>Civil &#8211; Minas &#8211;\u00a0 Met. Extractiva &#8211; Agrimensura<\/td>\n<td>Por formulario<\/td>\n<td><a href=\"https:\/\/docs.google.com\/forms\/d\/e\/1FAIpQLScsdGkjTqTG7_S61bKwEiTozQds5LeEZM_CAZ0RQ_ngjwvITw\/viewform\" target=\"_blank\" rel=\"noopener\">Inscripciones 2025<\/a><\/td>\n<\/tr>\n<tr>\n<td>Calculo II<\/td>\n<td>El\u00e9ctrica &#8211; Electr\u00f3nica &#8211; Bio 2023<\/td>\n<td>Por Formulario<\/td>\n<td><a href=\"https:\/\/forms.gle\/C16XNWTnwfoYBgNs8\" target=\"_blank\" rel=\"noopener\">Formulario Inscripci\u00f3n 2025<\/a><\/td>\n<\/tr>\n<tr>\n<td>Calculo II<\/td>\n<td>Industrial &#8211; Qu\u00edmica- Alimentos<\/td>\n<td>Automatriculaci\u00f3n<\/td>\n<td><a href=\"http:\/\/www.unsj.edu.ar\/unsjVirtual\/departamentoMatematica\/wp-content\/uploads\/2024\/03\/Automatriculaci\u00f3n-CALCULO-II-2024.pdf\" target=\"_blank\" rel=\"noopener\">Calculo II 2024<\/a><\/td>\n<\/tr>\n<tr>\n<td>Computaci\u00f3n<\/td>\n<td>Civil &#8211; Agrimensura &#8211; Minas &#8211; Met. Extractiva<\/td>\n<td>Por formularios<\/td>\n<td><a href=\"https:\/\/departamentomatematica.fi.unsj.edu.ar\/wp-content\/uploads\/2025\/03\/CATEDRA-COMPUTACION-2025.pdf\" target=\"_blank\" rel=\"noopener\">Inicio clases e Inscripci\u00f3n 2025<\/a><\/td>\n<\/tr>\n<tr>\n<td style=\"text-align: left;\">Dibujo y y Sistemas de Representaci\u00f3n<\/td>\n<td>Civil<\/td>\n<td style=\"text-align: center;\"><em>En la primer clase<\/em><\/td>\n<td style=\"text-align: center;\">\u00a0<a href=\"https:\/\/departamentomatematica.fi.unsj.edu.ar\/wp-content\/uploads\/2025\/03\/Inicio-Clases-DySR-CIVIL-2025.pdf\" target=\"_blank\" rel=\"noopener\">Inicio de Clases 2025<\/a><\/td>\n<\/tr>\n<tr>\n<td style=\"text-align: left;\">Estad\u00edstica<\/td>\n<td>Civil &#8211; Industrial &#8211; Electromec\u00e1nica \u00a0&#8211;\u00a0 \u00a0Mec\u00e1nica &#8211; Electr\u00f3nica<\/td>\n<td style=\"text-align: left;\">Por formulario<\/td>\n<td style=\"text-align: left;\"><a href=\"https:\/\/forms.gle\/4E5KRrMV9jkG2igYA\" target=\"_blank\" rel=\"noopener\">Formulario Inscripci\u00f3n 2025<\/a><\/td>\n<\/tr>\n<tr>\n<td style=\"text-align: left;\">Matem\u00e1tica<\/td>\n<td>Ing. Agron\u00f3mica<\/td>\n<td style=\"text-align: left;\">Automatriculaci\u00f3n<\/td>\n<td style=\"text-align: left;\">Aula 1675<br \/><a href=\"https:\/\/campusvirtual.unsj.edu.ar\/course\/view.php?id=1675\">Matem\u00e1tica &#8211; Ing. Agron\u00f3mica &#8211; FI<\/a><\/td>\n<\/tr>\n<tr>\n<td style=\"text-align: left;\">Sistemas de Representaci\u00f3n<\/td>\n<td>Electr\u00f3nica (Plan 2023)<\/td>\n<td style=\"text-align: left;\">Por formulario<\/td>\n<td style=\"text-align: left;\">\n<p><a href=\"https:\/\/forms.gle\/Ne4xQXkX3XA1k7Yp7\" target=\"_blank\" rel=\"noopener\">Inscripci\u00f3n 2025 &#8211; CLASES<\/a><\/p>\n<p><em>Aula Virtual 299 en el Campus Virtual UNSJ<\/em><\/p>\n<\/td>\n<\/tr>\n<\/tbody>\n<\/table>\n\n\n<p><\/p>\n","protected":false},"excerpt":{"rendered":"<p>Para las asignaturas que no posean link a formularios de inscripci\u00f3n, los estudiantes tienen que seguir los pasos indicados en &#8212;- &gt; el Instructivo de Automatriculaci\u00f3n Tener en cuenta que NO ES la inscripci\u00f3n al SIU , es solo la inscripci\u00f3n para acceder a las aulas virtuales Asignatura Especialidad Tipo de Matriculaci\u00f3n Link a formulario &hellip; <a href=\"https:\/\/departamentomatematica.fi.unsj.edu.ar\/?page_id=40\" class=\"more-link\">Seguir leyendo <span class=\"screen-reader-text\">Primer Semestre<\/span> <span class=\"meta-nav\">&rarr;<\/span><\/a><\/p>\n","protected":false},"author":2,"featured_media":0,"parent":0,"menu_order":0,"comment_status":"closed","ping_status":"closed","template":"","meta":{"footnotes":""},"class_list":["post-40","page","type-page","status-publish","hentry"],"_links":{"self":[{"href":"https:\/\/departamentomatematica.fi.unsj.edu.ar\/index.php?rest_route=\/wp\/v2\/pages\/40","targetHints":{"allow":["GET"]}}],"collection":[{"href":"https:\/\/departamentomatematica.fi.unsj.edu.ar\/index.php?rest_route=\/wp\/v2\/pages"}],"about":[{"href":"https:\/\/departamentomatematica.fi.unsj.edu.ar\/index.php?rest_route=\/wp\/v2\/types\/page"}],"author":[{"embeddable":true,"href":"https:\/\/departamentomatematica.fi.unsj.edu.ar\/index.php?rest_route=\/wp\/v2\/users\/2"}],"replies":[{"embeddable":true,"href":"https:\/\/departamentomatematica.fi.unsj.edu.ar\/index.php?rest_route=%2Fwp%2Fv2%2Fcomments&post=40"}],"version-history":[{"count":134,"href":"https:\/\/departamentomatematica.fi.unsj.edu.ar\/index.php?rest_route=\/wp\/v2\/pages\/40\/revisions"}],"predecessor-version":[{"id":968,"href":"https:\/\/departamentomatematica.fi.unsj.edu.ar\/index.php?rest_route=\/wp\/v2\/pages\/40\/revisions\/968"}],"wp:attachment":[{"href":"https:\/\/departamentomatematica.fi.unsj.edu.ar\/index.php?rest_route=%2Fwp%2Fv2%2Fmedia&parent=40"}],"curies":[{"name":"wp","href":"https:\/\/api.w.org\/{rel}","templated":true}]}}